actors of 18902?
2, 13, 727
What are the prime factors of 8051?
83, 97
What are the prime factors of 1769?
29, 61
What are the prime factors of 53299?
53299
What are the prime factors of 37777?
37, 1021
What are the prime factors of 442?
2, 13, 17
What are the prime factors of 59348?
2, 37, 401
List the prime factors of 37619.
37619
List the prime factors of 40600.
2, 5, 7, 29
What are the prime factors of 36778?
2, 7, 37, 71
What are the prime factors of 88330?
2, 5, 11, 73
What are the prime factors of 1065?
3, 5, 71
What are the prime factors of 27713?
7, 37, 107
What are the prime factors of 809?
809
What are the prime factors of 4875?
3, 5, 13
What are the prime factors of 43267?
7, 883
List the prime factors of 3077.
17, 181
List the prime factors of 10564.
2, 19, 139
List the prime factors of 18369.
3, 13, 157
What are the prime factors of 4068?
2, 3, 113
What are the prime factors of 9748?
2, 2437
List the prime factors of 105220.
2, 5, 5261
List the prime factors of 1155.
3, 5, 7, 11
List the prime factors of 11262.
2, 3, 1877
What are the prime factors of 104337?
3, 11593
What are the prime factors of 2116?
2, 23
What are the prime factors of 25279?
17, 1487
What are the prime factors of 47210?
2, 5, 4721
What are the prime factors of 2000?
2, 5
List the prime factors of 26636.
2, 6659
What are the prime factors of 5110?
2, 5, 7, 73
What are the prime factors of 7800?
2, 3, 5, 13
What are the prime factors of 4251?
3, 13, 109
List the prime factors of 28053.
3, 1039
What are the prime factors of 755?
5, 151
What are the prime factors of 6218?
2, 3109
What are the prime factors of 911?
911
What are the prime factors of 3101?
7, 443
List the prime factors of 5.
5
List the prime factors of 50528.
2, 1579
What are the prime factors of 378?
2, 3, 7
What are the prime factors of 31?
31
List the prime factors of 26109.
3, 967
List the prime factors of 2814.
2, 3, 7, 67
What are the prime factors of 32203?
32203
What are the prime factors of 11299?
11299
List the prime factors of 50018.
2, 89, 281
List the prime factors of 694.
2, 347
What are the prime factors of 2822?
2, 17, 83
List the prime factors of 57.
3, 19
List the prime factors of 11901.
3, 3967
List the prime factors of 22844.
2, 5711
List the prime factors of 80.
2, 5
List the prime factors of 63593.
19, 3347
List the prime factors of 221.
13, 17
List the prime factors of 638.
2, 11, 29
What are the prime factors of 8299?
43, 193
List the prime factors of 306.
2, 3, 17
List the prime factors of 9584.
2, 599
List the prime factors of 2800.
2, 5, 7
List the prime factors of 263.
263
List the prime factors of 582.
2, 3, 97
List the prime factors of 34670.
2, 5, 3467
List the prime factors of 1134.
2, 3, 7
What are the prime factors of 29228?
2, 7307
What are the prime factors of 577?
577
What are the prime factors of 892?
2, 223
What are the prime factors of 17433?
3, 13, 149
What are the prime factors of 50748?
2, 3, 4229
What are the prime factors of 8441?
23, 367
List the prime factors of 92035.
5, 79, 233
List the prime factors of 1813.
7, 37
What are the prime factors of 19577?
19577
List the prime factors of 11468.
2, 47, 61
List the prime factors of 366.
2, 3, 61
List the prime factors of 6890.
2, 5, 13, 53
What are the prime factors of 17369?
11, 1579
What are the prime factors of 11124?
2, 3, 103
List the prime factors of 5221.
23, 227
List the prime factors of 3623.
3623
What are the prime factors of 6826?
2, 3413
List the prime factors of 11940.
2, 3, 5, 199
What are the prime factors of 392?
2, 7
What are the prime factors of 2054?
2, 13, 79
List the prime factors of 4013.
4013
List the prime factors of 19153.
107, 179
What are the prime factors of 6657?
3, 7, 317
What are the prime factors of 1421?
7, 29
What are the prime factors of 12627?
3, 23, 61
List the prime factors of 20695.
5, 4139
What are the prime factors of 1310?
2, 5, 131
List the prime factors of 2742.
2, 3, 457
What are the prime factors of 57212?
2, 14303
What are the prime factors of 771?
3, 257
What are the prime factors of 13246?
2, 37, 179
List the prime factors of 20215.
5, 13, 311
List the prime factors of 9038.
2, 4519
List the prime factors of 196.
2, 7
What are the prime factors of 3486?
2, 3, 7, 83
What are the prime factors of 1059?
3, 353
List the prime factors of 7614.
2, 3, 47
What are the prime factors of 35884?
2, 8971
What are the prime factors of 1227?
3, 409
List the prime factors of 8921.
11, 811
What are the prime factors of 2720?
2, 5, 17
What are the prime factors of 6944?
2, 7, 31
List the prime factors of 11947.
13, 919
List the prime factors of 628.
2, 157
What are the prime factors of 654?
2, 3, 109
What are the prime factors of 1412?
2, 353
List the prime factors of 29399.
29399
List the prime factors of 13184.
2, 103
What are the prime factors of 241?
241
What are the prime factors of 125264?
2, 7829
What are the prime factors of 1263?
3, 421
List the prime factors of 21586.
2, 43, 251
What are the prime factors of 6450?
2, 3, 5, 43
What are the prime factors of 645?
3, 5, 43
What are the prime factors of 1921?
17, 113
What are the prime factors of 1501?
19, 79
List the prime factors of 2327.
13, 179
List the prime factors of 8112.
2, 3, 13
What are the prime factors of 9035?
5, 13, 139
What are the prime factors of 44132?
2, 11, 17, 59
List the prime factors of 4276.
2, 1069
List the prime factors of 7238.
2, 7, 11, 47
What are the prime factors of 246?
2, 3, 41
List the prime factors of 56834.
2, 157, 181
What are the prime factors of 185495?
5, 23, 1613
What are the prime factors of 2356?
2, 19, 31
List the prime factors of 14385.
3, 5, 7, 137
List the prime factors of 243.
3
What are the prime factors of 41723?
11, 3793
What are the prime factors of 2597?
7, 53
What are the prime factors of 679?
7, 97
What are the prime factors of 4147?
11, 13, 29
What are the prime factors of 248?
2, 31
List the prime factors of 1124.
2, 281
List the prime factors of 1340.
2, 5, 67
List the prime factors of 10503.
3, 389
List the prime factors of 127672.
2, 15959
What are the prime factors of 11615?
5, 23, 101
List the prime factors of 5817.
3, 7, 277
What are the prime factors of 1007?
19, 53
List the prime factors of 6.
2, 3
What are the prime factors of 4081?
7, 11, 53
What are the prime factors of 10989?
3, 11, 37
What are the prime factors of 730?
2, 5, 73
What are the prime factors of 16727?
43, 389
What are the prime factors of 7849?
47, 167
What are the prime factors of 799?
17, 47
What are the prime factors of 801?
3, 89
What are the prime factors of 94146?
2, 3, 13, 17, 71
What are the prime factors of 6219?
3, 691
What are the prime factors of 3361?
3361
List the prime factors of 5106.
2, 3, 23, 37
List the prime factors of 11938.
2, 47, 127
What are the prime factors of 46260?
2, 3, 5, 257
List the prime factors of 3781.
19, 199
What are the prime factors of 3?
3
What are the prime factors of 7006?
2, 31, 113
What are the prime factors of 14131?
13, 1087
List the prime factors of 3470.
2, 5, 347
What are the prime factors of 2806?
2, 23, 61
List the prime factors of 1287.
3, 11, 13
What are the prime factors of 184?
2, 23
List the prime factors of 4366.
2, 37, 59
List the prime factors of 3660.
2, 3, 5, 61
List the prime factors of 4779.
3, 59
List the prime factors of 1337.
7, 191
List the prime factors of 4290.
2, 3, 5, 11, 13
List the prime factors of 3920.
2, 5, 7
What are the prime factors of 2119?
13, 163
What are the prime factors of 355?
5, 71
What are the prime factors of 1898?
2, 13, 73
What are the prime factors of 76?
2, 19
List the prime factors of 2260.
2, 5, 113
List the prime factors of 994.
2, 7, 71
List the prime factors of 784.
2, 7
What are the prime factors of 1096?
2, 137
List the prime factors of 69746.
2, 43, 811
List the prime factors of 69702.
2, 3, 11617
What are the prime factors of 29174?
2, 29, 503
What are the prime factors of 11837?
7, 19, 89
List the prime factors of 46752.
2, 3, 487
What are the prime factors of 3919?
3919
List the prime factors of 3445.
5, 13, 53
What are the prime factors of 1205?
5, 241
List the prime factors of 997.
997
What are the prime factors of 120505?
5, 7, 11, 313
What are the prime factors of 467?
467
What a